ctor of g and 161.
23
Let q be (-1976)/(-38) + (6 + 2)/1. Calculate the highest common factor of 36 and q.
12
Let z = 52 + 40. Suppose 0 = -t - 3*t + z. Suppose 485 = 2*x - 5*g, -5*g - 4 = 21. Calculate the highest common factor of x and t.
23
Suppose 291 = 4*p - 5*o, p - 70 = -0*p + 4*o. Let d be (11544/(-468))/(((-1)/(-28))/((-72)/42)). Calculate the greatest common divisor of p and d.
74
Suppose 0 = 5*y + 15, 0*y - 3 = -3*d - 4*y. Suppose -d*v = -3*v - 156. Suppose -9*p = -v - 84. What is the highest common factor of p and 9?
9
Let l(m) = -8*m**2 + 69*m + 83. Let a be l(9). Calculate the highest common divisor of 2842 and a.
14
Let d(t) = -t**3 - 13*t**2 - 37*t - 7. Let i be d(-13). What is the greatest common factor of i and 6?
6
Suppose -2*m - u + 355 = -0*m, 680 = 4*m - 4*u. Suppose 802*k = 662*k + 980. Calculate the highest common factor of m and k.
7
Suppose 4*s - 36 = -0*s. Let q = 1408 + -1363. What is the highest common factor of q and s?
9
Let u(o) = -132*o + 10430. Let m be u(77). Calculate the greatest common factor of 686 and m.
14
Let p = -39234 - -39744. Calculate the highest common factor of 646 and p.
34
Let u(o) = 5*o + 3*o**3 + o**3 + 7*o**2 - 2*o**3 - o**3. Let w be ((-3)/2)/((11 - 6)/20). Let l be u(w). Calculate the highest common factor of 18 and l.
6
Suppose 5*r = -20, -4*v - 5*r + 160 + 1332 = 0. Let h = -71 - -99. What is the greatest common divisor of v and h?
14
Suppose s - o = 33, -2*s + 48 = -5*o + 9*o. Suppose 9*q = -21*q + s. What is the greatest common factor of 10 and q?
1
Let b(j) = -220*j + 132. Let i be b(0). What is the highest common divisor of 1551 and i?
33
Let f be 70/2065 + 31327/59. What is the highest common divisor of 27 and f?
9
Let p be (-778)/(-6) - (-3)/9. Suppose 3*t = -3*t + 12. Suppose -t*r + 43 = -3*j, -5*r - j - 3*j = -142. What is the greatest common factor of r and p?
26
Let r be (-466)/(-8) - 15/20*(-3)/(-9). What is the highest common factor of 2291 and r?
29
Let a(b) = b**3 + 34*b**2 - 7*b - 79. Let p be a(-34). Suppose 14*w - p = 37. Calculate the greatest common divisor of w and 21.
7
Let r = -3719 - -3797. What is the greatest common factor of 1586 and r?
26
Suppose -8*h + 34 = -6. Let t be (2/(-14))/(h/(-35)). Let m be 1*(1 + t + -1). Calculate the highest common divisor of m and 12.
1
Let k = -136 + 251. Suppose 8*d - k = 13*d. Let o = -18 - d. Calculate the highest common divisor of 25 and o.
5
Let g = 33 + 23. Let o = g - -182. What is the highest common divisor of o and 34?
34
Let y be 10/30*-15 - -5. Let b be 8/(-16)*-10*(y - -2). Let x = -27 + 42. What is the highest common divisor of x and b?
5
Let n(i) = 8*i**2 - 90*i + 1547. Let b be n(16). Calculate the greatest common divisor of 15 and b.
5
Suppose 2*y + 2*m - 26 = 0, 7*y - 2*y - 73 = 3*m. Let l = 12 - 8. Suppose d = 18 - l. What is the greatest common factor of y and d?
14
Let x be (1 + (-157)/(-4 - -5))*4851/(-132). What is the greatest common divisor of 126 and x?
63
Let g = -79 + 264. Suppose g*f - 183*f - 48 = 0. What is the greatest common factor of f and 30?
6
Let a(q) = q + 67. Let s be a(-25). Suppose -4*b + 3*j + 39 = 0, -11 - 10 = -b - 3*j. Calculate the highest common factor of b and s.
6
Let f be (243/(-12))/1*(71 + 1). Let d = -1026 - f. Calculate the highest common divisor of d and 18.
18
Let s(f) = f**3 - 10*f**2 + 24*f - 290. Let k be s(11). What is the greatest common divisor of 304 and k?
19
Suppose -288 = -33*p + 29*p. Let r be -1 - (-70)/65 - 39300/(-156). What is the highest common factor of r and p?
36
Let v be (21/(-7))/(-9*3/(-9)). Let f(g) = -6*g**3 - 2*g**2 - 3*g. Let q be f(v). Calculate the highest common divisor of 7 and q.
7
Let m(i) = 10*i - 6. Let j be m(7). Let c = 11 - j. Let q = c - -458. What is the greatest common factor of 45 and q?
45
Let l = -133 - -141. Suppose -l*j = z - 11*j - 101, -3*z + 368 = 4*j. Calculate the highest common factor of z and 29.
29
Let m = 32 - -96. Let g(q) = -q + 15. Let b be g(14). Let j = b + 15. What is the highest common divisor of j and m?
16
Suppose 2*n - q = 6 + 1, -3*n + 4*q = -18. Suppose -n*b + 1236 = 3*f, f + 5*b = -4*f + 2065. What is the highest common divisor of 10 and f?
10
Let g(o) = -o**2 + 123*o - 3750. Let h be g(60). What is the highest common divisor of h and 1095?
15
Suppose -3*i = -3*n - 5 + 14, 4*i = -5*n + 24. Calculate the highest common factor of 126 and n.
2
Let p = 25 + -22. Let g(t) = -t**3 - t**p + 11*t**2 + 3*t**3 + 6*t. Let u be g(-10). What is the highest common factor of 16 and u?
8
Let g = -22636 - -35590. What is the greatest common divisor of g and 34?
34
Suppose 0 = 3*u - 9*u + 114. Suppose 0 = u*q - 3*q - 576. What is the highest common divisor of 360 and q?
36
Let c = 5328 - 3007. Calculate the greatest common factor of c and 55.
11
Let q be (-7204)/(-10) + 2/(-5). Suppose -37*p = -40*p + q. Suppose 3*j + 12*f - 7*f - p = 0, -j = 4*f - 87. Calculate the greatest common factor of 5 and j.
5
Let n = -722 - -655. Let b = n + 78. What is the greatest common divisor of b and 44?
11
Suppose 5*q - 14 = 4*u + 4, 2*q - 3*u = 10. Suppose -q = -2*t - 0. Let g be (15 + t)*5/10. What is the greatest common factor of 2 and g?
2
Let t be -3*1 + (186 - -16). Let a = 263 - t. Calculate the greatest common divisor of 2 and a.
2
Let o be ((-4)/5)/(3/18)*(93 + -178). Calculate the highest common factor of o and 312.
24
Let r = 514 + -255. Suppose 871 = 162*c + 126 - 389. What is the highest common divisor of r and c?
7
Let k(a) = -a**3 - 14*a**2 + 11*a - 204. Let b be k(-17). Calculate the greatest common divisor of 196 and b.
28
Let f = -4410 - -4450. What is the greatest common divisor of 4120 and f?
40
Suppose -35*u + 3589 + 1602 + 1949 = 0. What is the highest common factor of u and 3264?
204
Suppose 2*p = 833 - 309. Let a = -166 + p. What is the highest common divisor of a and 36?
12
Let u be (28/(-6))/(1/(-3)). Let o(m) = m + 71. Let v be o(6). Let p = v - 7. Calculate the greatest common factor of p and u.
14
Let v(k) be the first derivative of 16 - 4*k + 73/2*k**2. Let g be v(4). What is the greatest common divisor of g and 32?
32
Let s = 32888 + -32814. What is the highest common divisor of 10138 and s?
74
Suppose -2*n + 1615 + 9972 = 3*s, -4*s + 15496 = -4*n. Calculate the greatest common factor of s and 3.
3
Suppose -5*r - 20 = 0, -2*z = -r - 10 - 40. What is the highest common factor of 3933 and z?
23
Let b = 2817 - 2726. Suppose 4*z + l = 53, 5*l - 10 = -25. What is the highest common divisor of z and b?
7
Let c be (2925/3375 - 2/(-15))*71*29. Calculate the greatest common factor of 213 and c.
71
Let i(f) = -127*f + 3336. Let n be i(-31). Calculate the greatest common divisor of 14 and n.
7
Let w be 1 - 17*1*-2. Let c = 25755 - 25748. What is the highest common divisor of c and w?
7
Let n(g) = 92*g - 218. Let s be n(43). What is the highest common factor of s and 42?
42
Let p = -443 + 755. Suppose -69*y + p = -67*y. Suppose -3*k + 5*c + 61 = 0, k + 13 = -9*c + 4*c. What is the highest common factor of y and k?
12
Let x = 5 - -3. Suppose 8*m = -0*m + x. Suppose -q - m = -9. Calculate the greatest common divisor of 40 and q.
8
Suppose 884 = -29*y + 121*y - 956. Calculate the highest common divisor of 3980 and y.
20
Let z = -171 - -56. Let g = 117 + z. Suppose 8 - 3 = v. What is the highest common divisor of v and g?
1
Suppose 4*z + 1416 = 5*j, -4*j = -78*z + 73*z - 1140. What is the greatest common factor of 5845 and j?
35
Let x(m) = 4*m**2 + 2*m + 1. Let g be x(-1). Suppose -4*w = 5*f - 203 - 232, -4*f - 5*w = -348. What is the greatest common factor of g and f?
3
Suppose 5*y = k + 10048, -35*y - 2*k + 2003 = -34*y. What is the highest common divisor of y and 539?
49
Let j be (-1 - -1) + -1 - -6. Suppose -597*a - 168 = -601*a. Suppose 2*g = 4*u - 35 + 47, 5*g - a = 4*u. What is the greatest common divisor of j and g?
5
Suppose -25*v + 70 = -55. Suppose 1456 = 8*d + v*d. What is the highest common divisor of 21 and d?
7
Let m(z) = 7*z - 66. Let p be m(10). Suppose -136 = -8*x + p*x. Calculate the greatest common divisor of 51 and x.
17
Let w(y) = -6*y - 102. Let c be w(-32). Let b = 24 - 22. Suppose 13 = j - 2*n - 17, -35 = -b*j - n. Calculate the greatest common divisor of j and c.
10
Let y(o) = -o + 66. Let v be y(3